)?
7, 2441
Let w = 348 - 356. What are the prime factors of (w + 10)*(1 - -597) - -3?
11, 109
Let z be (-10)/75 + (-536)/30. Let l be (45/z)/(2/(-4)). Suppose -9 = -4*m + d + 1, 4*d + 18 = l*m. What are the prime factors of m?
2
Let p(i) = -i + 2. Let r(v) = 6*v - 562. Let l(t) = 6*p(t) - r(t). List the prime factors of l(0).
2, 7, 41
Let l(v) = -26*v - 15. Let n be l(-6). Let x(h) = h**2 - 18*h + 86. Let u be x(9). Suppose z - n = -t, 0 = t + u*z - z - 141. List the prime factors of t.
3, 47
Let v(s) = -5*s**2 + s + 8. Let f(b) = 4*b**2 - 2*b - 6. Let a(g) = -4*f(g) - 3*v(g). Let c be a(5). Suppose c = 4*p - 546 - 370. List the prime factors of p.
229
Suppose 0 = 44*d - 13*d - 1550. What are the prime factors of 9 + (-5)/(d/(-6510))?
2, 3, 5, 11
Suppose 0 = 2*x + 3*y - 20, -2*y = 5*x + 2*y - 43. Let u be (-2)/4*(-9 + x). What are the prime factors of ((-18)/(-15))/u*5?
2, 3
Let v be 1/(3 + (-232)/76). Let p(n) = n + 66. List the prime factors of p(v).
47
Let l(w) = 11*w + 26. Let m be l(-6). Let n be 298/7 - m/(-70). Suppose q - 8*q = -n. What are the prime factors of q?
2, 3
Let q = -5140 + 5563. List the prime factors of q.
3, 47
Let l(h) be the second derivative of -2*h**3 - 13*h**2 - 29*h. Let a be l(-3). Suppose -g + a = -183. List the prime factors of g.
193
Let k = -1897 + 4758. What are the prime factors of k?
2861
Let s(h) = -9*h - 805. Let j(a) = a + 161. Let c(k) = 11*j(k) + 2*s(k). List the prime factors of c(8).
3, 5, 7
Let f = -2137 + -29. Let g = f - -3856. List the prime factors of g.
2, 5, 13
Let y be ((-2)/2 + -1)*18. Let i be (-5 + 7/(-7))/((108/(-16))/9). What are the prime factors of (-920)/y - i/(-18)?
2, 13
Let s = 2545 - 1669. Let o = 1381 - s. List the prime factors of o.
5, 101
Let a = -13906 - -20401. What are the prime factors of a?
3, 5, 433
Suppose 0 = -2*l - 4, -l = -o - 0*l + 1. Let v be (o + 14/10)/((-8)/(-7760)). List the prime factors of ((-6)/3)/(((-8)/v)/2).
2, 97
Suppose -1338*h + 14 = 3*l - 1337*h, -l = 2*h - 8. Let u = -612 - -954. Suppose l*b = -m + 53 + 56, 3*b + u = 3*m. List the prime factors of m.
113
Let t = 22653 - 3778. What are the prime factors of t?
5, 151
Let i(t) = t**3 + 86*t**2 + 310*t - 257. What are the prime factors of i(-71)?
2, 13337
Let b = 492 + -494. List the prime factors of (-16)/96 - (4701/(-18) + b).
263
Suppose 0 = 5*p - w - 3507, 7*p - 3*p + 3*w = 2798. What are the prime factors of p?
701
Let o(r) = -r**3 + 3*r**2 - 46*r + 14. Let b be o(10). List the prime factors of b*((-55)/(-10))/(-11).
3, 191
Let t = -612 + 912. Suppose 4*d - t = 2*d. List the prime factors of d.
2, 3, 5
Let p(w) = 150*w**3 + 11*w**2 + 3*w - 11. List the prime factors of p(4).
3, 3259
Suppose 6*m = 11*m - 290. Suppose 57*x - m*x - 3 = 0. List the prime factors of (7 + x)/(94/92 - 1).
2, 23
Let a be 8/10 + 168/40. Suppose 0 = -a*g + 110 + 1435. What are the prime factors of g?
3, 103
Suppose -w + 2 = -0*w. Suppose -5*u + 345 + 160 = 0. List the prime factors of w*(-1)/(-2) + u.
2, 3, 17
Suppose 5*t - 15253 = -2008. Let u = t - 899. What are the prime factors of u?
2, 5, 7
Suppose 6*m = -5*p + 8*m + 88817, 5*m = 5*p - 88805. List the prime factors of p.
5, 11, 17, 19
Suppose -20*y = -25*y - 4*l + 44877, -35912 = -4*y + 2*l. List the prime factors of y.
47, 191
List the prime factors of 30714/(-7)*1484/(-318) - 3.
59, 347
Let q(w) = -w**2 - 12*w - 67. Let p be q(-24). Let y = -39 - p. List the prime factors of y.
2, 79
List the prime factors of (2 - (-352)/(-187)) + 1158293/17.
5, 13627
Let b(m) be the first derivative of m**4/4 + 4*m**3 - 4*m**2 - 14*m + 4. Let i be ((-6)/(-8))/1 - 816/64. List the prime factors of b(i).
2, 41
Suppose -33*k = 13327 - 754. What are the prime factors of (0 - 0 - k) + (0 - -1)?
2, 191
Let t = 4 - 6. Let a be 1/((-1)/(-38)) - t*2. What are the prime factors of (-15)/21 - -1 - (-1122)/a?
3
Suppose 16*k - 50*k - 20264 = 0. Let z = -4 - k. What are the prime factors of z?
2, 37
Let i = -10053 + 12011. What are the prime factors of i?
2, 11, 89
Let g be (-4 + 3305/10)*2. Let m = g - 944. Let i = -164 - m. List the prime factors of i.
127
Let p = -94405 + 159588. List the prime factors of p.
65183
Let v(x) = 6 - 52*x - 3*x + 14*x. Let o(s) = 42*s - 5. Let t(b) = -6*o(b) - 7*v(b). What are the prime factors of t(6)?
2, 3, 11
Suppose 3 + 5 = 2*j. Let z(g) = -5*g**2 - 14*g + 7. Let d be z(-3). Suppose -j*s + 0*s - 3*h = -367, -244 = -3*s + d*h. List the prime factors of s.
2, 11
Suppose -93*m + 95*m = -s + 17277, 0 = -4*s + 5*m + 69030. List the prime factors of s.
3, 5, 1151
Let q = 780 + -645. Let l = q + 627. List the prime factors of l.
2, 3, 127
Suppose 0 = -338*r + 312*r + 964834. What are the prime factors of r?
43, 863
Suppose 201 = -s - v, -4*v - 15 = 1. Let b(i) = -21*i**2 - 1. Let m be b(1). List the prime factors of m/55 + s/(-5).
3, 13
Suppose -4*w + 97416 = 6*w - 16514. What are the prime factors of w?
11393
Suppose 4*c - 17924 = -2*h, -4454 = -c + 72*h - 77*h. List the prime factors of c.
2, 19, 59
Let x = 287 + -252. Suppose -x*f + 40*f - 1715 = 0. List the prime factors of f.
7
Let h(t) be the third derivative of t**6/60 + 8*t**5/15 + 29*t**4/24 - 8*t**3/3 - 2*t**2. Let d be h(-15). List the prime factors of ((-10)/(-6))/(8/(-144))*d.
2, 3, 5
Suppose 107*o - 108*o = 117. List the prime factors of (-59293)/o - 2/(-9).
3, 13
Suppose -12*u = -4*u - 18992 - 68464. List the prime factors of u.
2, 3, 911
Suppose -3*g - 5*v = 7, -g = 4*v + 7 - 0. Let y(q) = 20*q**3 + q. List the prime factors of y(g).
3, 7
Let b be 23560/90 - (-6)/27. Suppose b = 9*i - 8*i. What are the prime factors of i?
2, 131
What are the prime factors of (1 - 0)*-1*-10*14636/8?
5, 3659
Let p be 9 + (-19)/((-95)/(-20)). Suppose 676 = 3*o - 4*d, 29 + 431 = 2*o + 2*d. Suppose -537 = -5*h + i, 4 = -2*h + p*i + o. List the prime factors of h.
107
Let v(r) be the second derivative of 2*r**2 + 0 + 1/6*r**4 + 4/5*r**5 + 16*r - r**3. List the prime factors of v(2).
2
Let o(l) be the first derivative of 46*l**3/3 + 5*l**2 - 9*l - 130. What are the prime factors of o(4)?
13, 59
Suppose -a - 4*o = -16193, 2*a - 24932 = -2*o + 7472. List the prime factors of a.
5, 7, 463
Let n be (150/(-40))/((-2)/24). Let y = n + -49. What are the prime factors of ((-27)/y - 3)/(1/4)?
3, 5
Let l(g) = g**2 + g + 5. Let v be l(-12). Suppose 4*b + 18 = 2, 5*w + v = 2*b. Let o = w - -58. What are the prime factors of o?
29
List the prime factors of (18 + 620/30)/(2/447).
2, 29, 149
List the prime factors of ((-146)/(-365))/(16/41450)*8.
2, 5, 829
Suppose 43*u = 48*u + 35. List the prime factors of (35/(-15))/u + (-1246)/(-6).
2, 13
Suppose 5*n = 17*n - 6192. Suppose -q - 2517 = -5*v - 2*q, n = v - 4*q. Suppose v = y + 8*y. List the prime factors of y.
2, 7
Suppose -4*v = -5*h - 20, 19*v - 4*h = 20*v - 5. List the prime factors of (-1 + 0 - 2) + (v - -372).
2, 11, 17
Let h be (34/(-10) + -3)*(2 - 12). Let v = 69 - h. List the prime factors of (-4)/((-24)/(-285))*(-14)/v.
7, 19
Let w(y) = -y**3 + 19*y**2 - y + 23. Let c be w(19). Suppose -2*z + 2*f - 16 = 0, -2*z - c*f = 18 + 22. List the prime factors of (18/z)/((-3)/404).
2, 101
Suppose 1527872 = 78*l - 1761388. What are the prime factors of l?
2, 5, 4217
Let t = 4331 + -888. What are the prime factors of t?
11, 313
Let z = 37261 - -7589. List the prime factors of z.
2, 3, 5, 13, 23
Let y = 2175 - -5529. List the prime factors of y.
2, 3, 107
Let n(f) = 6379*f**2 + 16*f + 3. Let m be n(-2). Suppose -m = -18*y - 3365. What are the prime factors of y?
1229
Let i = -4100 + 7285. What are the prime factors of i?
5, 7, 13
Let t(i) = 5*i - 1. Let u be t(5). Suppose -6*v - u + 18 = 0. Let p(y) = -14*y - 4. List the prime factors of p(v).
2, 5
Let n be 1/((-2)/20 + 0). What are the prime factors of 12/n - (-31374)/45?
2, 3, 29
Let c be (-77)/22*(2 - 18/7). Suppose -c*l - 80 = -4*l. Suppose -3*i + 41 = -l. What are the prime factors of i?
3
Let s(n) = 15*n**2 + 44*n + 39. Let b(l) = 5*l**2 + 15*l + 12. Let d(m) = -11*b(m) + 4*s(m). Let i be 516/(-66) + 4/(-22). What are the prime factors of d(i)?
2
Suppose -5 = 2*d + d - 4*b, -2*d + 12 = 5*b. Let z(r) = -2*r**3 + 2*r**2 + 2*r - 2. Let h be z(d). Suppose h*v - 40 = -v. List the prime factors of v.
2, 5
Let j(b) = b**3 + 16*b**2 + 14*b - 1